{"id":3609,"date":"2022-01-25T10:54:36","date_gmt":"2022-01-25T09:54:36","guid":{"rendered":"http:\/\/www.devecchidentista.it\/?page_id=3609"},"modified":"2022-02-01T10:48:55","modified_gmt":"2022-02-01T09:48:55","slug":"prenota","status":"publish","type":"page","link":"https:\/\/www.devecchidentista.it\/index.php\/prenota\/","title":{"rendered":"Prenota"},"content":{"rendered":"<p>[vc_row][vc_column][vc_column_text]Compila il modulo per inviare una richiesta di prenotazione, indicando le proprie necessit\u00e0 e disponibilit\u00e0 di orario.<\/p>\n<p>Lo Studio ti ricontatter\u00e0 al pi\u00f9 presto per la conferma e i dettagli.[\/vc_column_text][\/vc_column][\/vc_row][vc_row][vc_column]<form class=\"dt-contact-form dt-form privacy-form\" method=\"post\"><input type=\"hidden\" name=\"widget_id\" value=\"presscore-contact-form-widget--1\" \/><input type=\"hidden\" name=\"send_message\" value=\"\" \/><input type=\"hidden\" name=\"security_token\" value=\"d2bc205ebca203c0dce4\"\/><div class=\"form-fields\"><span class=\"form-name\"><label class=\"assistive-text\">Nome *<\/label><input type=\"text\" class=\"validate[required]\" placeholder=\"Nome *\" name=\"name\" value=\"\" aria-required=\"true\">\n<\/span><span class=\"form-mail\"><label class=\"assistive-text\">E-mail *<\/label><input type=\"text\" class=\"validate[required,custom[email]]\" placeholder=\"E-mail *\" name=\"email\" value=\"\" aria-required=\"true\">\n<\/span><span class=\"form-telephone\"><label class=\"assistive-text\">Telefono *<\/label><input type=\"text\" class=\"validate[required,custom[phone]]\" placeholder=\"Telefono *\" name=\"telephone\" value=\"\" aria-required=\"true\">\n<\/span><\/div><span class=\"form-message\"><label class=\"assistive-text\">Messaggio<\/label><textarea placeholder=\"Messaggio\" name=\"message\" rows=\"6\" aria-required=\"false\"><\/textarea>\n<\/span><p class=\"the7-form-terms-wrap\"><input type=\"checkbox\" id=\"the7-form-terms-5bf73bc6c6e6775d472621264309a88b\" name=\"terms\" class=\"validate[required] the7-form-terms\" aria-required=\"true\" \/>&nbsp;<label for=\"the7-form-terms-5bf73bc6c6e6775d472621264309a88b\"><span class=\"form-terms-text\">Compilando con i tuoi dati il modulo di contatto, acconsenti al loro utilizzo per rispondere alle richieste di prenotazione o informazioni.<\/span><\/label><\/p><p><a href=\"#\" class=\"dt-btn dt-btn-m dt-btn-submit\" rel=\"nofollow\"><span>Invia richiesta<\/span><\/a><input class=\"assistive-text\" type=\"submit\" value=\"invia\"><\/p><\/form>\n[\/vc_column][\/vc_row][vc_row][vc_column][vc_column_text]<\/p>\n<h3 style=\"text-align: center;\">\u00c8 la tua prima visita?<\/h3>\n<p>[\/vc_column_text]<style type=\"text\/css\" data-type=\"the7_shortcodes-inline-css\">#default-btn-3db1ed785751e162b8e8199ae2f52673 {\n  border-radius: 30px;\n  font-size: 14px;\n  line-height: 16px;\n}\n.btn-shadow#default-btn-3db1ed785751e162b8e8199ae2f52673 {\n  box-shadow: 0 1px 6px rgba(0,0,0,0.12);\n  transition: box-shadow 0.2s ease-out, opacity 0.45s;\n}\n.btn-shadow#default-btn-3db1ed785751e162b8e8199ae2f52673:hover {\n  box-shadow: 0 5px 11px 0 rgba(0,0,0,0.18), 0 4px 15px 0 rgba(0,0,0,0.15);\n}\n.btn-3d#default-btn-3db1ed785751e162b8e8199ae2f52673 {\n  box-shadow: 0px 2px 0px 0px rgba(0,0,0,0.01);\n}\n.btn-3d#default-btn-3db1ed785751e162b8e8199ae2f52673:hover {\n  box-shadow: 0px 2px 0px 0px #116d95;\n}\n.btn-flat#default-btn-3db1ed785751e162b8e8199ae2f52673 {\n  box-shadow: none;\n}\n.btn-flat#default-btn-3db1ed785751e162b8e8199ae2f52673:hover {\n  box-shadow: none;\n}\n#default-btn-3db1ed785751e162b8e8199ae2f52673.ico-right-side > i {\n  margin-right: 0px;\n  margin-left: 8px;\n}\n#default-btn-3db1ed785751e162b8e8199ae2f52673 > i {\n  margin-right: 8px;\n  font-size: 12px;\n}\n#default-btn-3db1ed785751e162b8e8199ae2f52673:not(:hover) {\n  border-width: 2px;\n  border-color: #009fe3 !important;\n  color: #009fe3;\n  background: rgba(0,0,0,0.01) !important;\n  padding: 12px 18px 12px 18px;\n}\n#default-btn-3db1ed785751e162b8e8199ae2f52673:not(:hover) * {\n  color: #009fe3;\n}\n#default-btn-3db1ed785751e162b8e8199ae2f52673:hover {\n  border-width: 2px;\n  border-color: #009fe3 !important;\n  color: #ffffff;\n  background: #009fe3 !important;\n  padding: 12px 18px 12px 18px;\n}\n#default-btn-3db1ed785751e162b8e8199ae2f52673:hover * {\n  color: #ffffff;\n}\n#default-btn-3db1ed785751e162b8e8199ae2f52673.ico-right-side > i {\n  margin-right: 0px;\n  margin-left: 8px;\n}\n#default-btn-3db1ed785751e162b8e8199ae2f52673 > i {\n  margin-right: 8px;\n}\n<\/style><div class=\"btn-align-center\"><a href=\"https:\/\/www.devecchidentista.it\/index.php\/prima-visita\/\" class=\"default-btn-shortcode dt-btn link-hover-off btn-flat \" id=\"default-btn-3db1ed785751e162b8e8199ae2f52673\" style=\"width:180px;\" title=\"La Prima Visita\"><span>Alcune info utili<\/span><\/a><\/div>[\/vc_column][\/vc_row]<\/p>\n","protected":false},"excerpt":{"rendered":"<p>[vc_row][vc_column][vc_column_text]Compila il modulo per inviare una richiesta di prenotazione, indicando le proprie necessit\u00e0 e disponibilit\u00e0 di orario. Lo Studio ti ricontatter\u00e0 al pi\u00f9 presto per la conferma e i dettagli.[\/vc_column_text][\/vc_column][\/vc_row][vc_row][vc_column][\/vc_column][\/vc_row][vc_row][vc_column][vc_column_text] \u00c8 la tua prima visita? [\/vc_column_text][\/vc_column][\/vc_row]<\/p>\n","protected":false},"author":1,"featured_media":0,"parent":0,"menu_order":0,"comment_status":"closed","ping_status":"closed","template":"","meta":[],"_links":{"self":[{"href":"https:\/\/www.devecchidentista.it\/index.php\/wp-json\/wp\/v2\/pages\/3609"}],"collection":[{"href":"https:\/\/www.devecchidentista.it\/index.php\/wp-json\/wp\/v2\/pages"}],"about":[{"href":"https:\/\/www.devecchidentista.it\/index.php\/wp-json\/wp\/v2\/types\/page"}],"author":[{"embeddable":true,"href":"https:\/\/www.devecchidentista.it\/index.php\/wp-json\/wp\/v2\/users\/1"}],"replies":[{"embeddable":true,"href":"https:\/\/www.devecchidentista.it\/index.php\/wp-json\/wp\/v2\/comments?post=3609"}],"version-history":[{"count":6,"href":"https:\/\/www.devecchidentista.it\/index.php\/wp-json\/wp\/v2\/pages\/3609\/revisions"}],"predecessor-version":[{"id":3716,"href":"https:\/\/www.devecchidentista.it\/index.php\/wp-json\/wp\/v2\/pages\/3609\/revisions\/3716"}],"wp:attachment":[{"href":"https:\/\/www.devecchidentista.it\/index.php\/wp-json\/wp\/v2\/media?parent=3609"}],"curies":[{"name":"wp","href":"https:\/\/api.w.org\/{rel}","templated":true}]}}